{"id":3682,"date":"2016-04-21T14:07:13","date_gmt":"2016-04-21T13:07:13","guid":{"rendered":"https:\/\/www.marceljousse.com\/MAJ-2024\/hagase-miembro-de-la-red-marcel-jousse\/"},"modified":"2016-04-21T14:07:13","modified_gmt":"2016-04-21T13:07:13","slug":"hagase-miembro-de-la-red-marcel-jousse","status":"publish","type":"page","link":"https:\/\/www.marceljousse.com\/es\/hagase-miembro-de-la-red-marcel-jousse\/","title":{"rendered":"H\u00e1gase miembro de la Red Marcel Jousse"},"content":{"rendered":"<h3>La Asociaci\u00f3n Marcel Jousse ofrece un espacio de intercambio entre personas de habla hispana interesadas en la investigaci\u00f3n de Jousse y en lo que \u00e9sta puede inspirarnos hoy.<\/h3>\n<p>Elegimos la plataforma Whaller porque tiene sede en Francia y no hace negocio con los datos personales de sus usuarios ni hace publicidad en las p\u00e1ginas. Utilizamos su servicio gratuito.<\/p>\n<p><strong>Si est\u00e1 interesado en formar parte de este grupo, p\u00f3ngase en <a href=\"https:\/\/www.marceljousse.com\/es\/pour-contacter-ladministrateur-du-site\/\">contacto<\/a> con nosotros.<\/strong><\/p>\n<h3>Esto es lo que parece:<\/h3>\n<p>En la parte superior derecha, puede ver que el grupo se llama <em><strong>Red Marcel Jousse<\/strong><\/em>. En la jerga de Whaller, se trata de una &#8220;<strong>esfera<\/strong>&#8221; vinculada a una organizaci\u00f3n (la Asociaci\u00f3n Marcel Jousse).<\/p>\n<p><img loading=\"lazy\" decoding=\"async\" class=\"aligncenter size-full wp-image-1291\" src=\"https:\/\/www.marceljousse.com\/MAJ-2024\/wp-content\/uploads\/2021\/06\/Whaller-espagnol.png\" alt=\"\" width=\"1017\" height=\"854\" srcset=\"https:\/\/www.marceljousse.com\/wp-content\/uploads\/2021\/06\/Whaller-espagnol.png 1017w, https:\/\/www.marceljousse.com\/wp-content\/uploads\/2021\/06\/Whaller-espagnol-300x252.png 300w, https:\/\/www.marceljousse.com\/wp-content\/uploads\/2021\/06\/Whaller-espagnol-768x645.png 768w, https:\/\/www.marceljousse.com\/wp-content\/uploads\/2021\/06\/Whaller-espagnol-600x504.png 600w, https:\/\/www.marceljousse.com\/wp-content\/uploads\/2021\/06\/Whaller-espagnol-900x756.png 900w\" sizes=\"auto, (max-width: 1017px) 100vw, 1017px\" \/><\/p>\n<h3>Como puede ver en esta captura de pantalla :<\/h3>\n<ul>\n<li><strong>En la parte superior,<\/strong> en la zona p\u00farpura, est\u00e1 el espacio para escribir tus mensajes, adjuntar una imagen, un archivo&#8230; y puedes elegir dirigirlo a todos los miembros del grupo o a miembros concretos.<\/li>\n<li><strong>A continuaci\u00f3n<\/strong>, se muestra un ejemplo de mensaje seguido de su archivo adjunto.<br \/>\nPuede reaccionar a un mensaje haciendo clic en &#8220;me gusta&#8221; o &#8220;no me gusta&#8221;.<br \/>\nPuedes referirte a otro miembro y llamar su atenci\u00f3n sobre el mensaje a\u00f1adiendo &#8220;@&#8221; antes de su nombre.<br \/>\nTambi\u00e9n puedes responder a este mensaje, a\u00f1adiendo un comentario, que aparecer\u00e1 justo debajo: esto ocurre en la barra p\u00farpura que hay debajo de la conversaci\u00f3n.<\/li>\n<li><strong>A la derecha<\/strong>, puede ver el nombre del grupo seguido de las fotos de una serie de miembros. Esto le permite hacer clic en el perfil de una persona para saber m\u00e1s sobre ella&#8230; siempre que a\u00f1ada una peque\u00f1a presentaci\u00f3n, una foto.<br \/>\nM\u00e1s abajo, hay un enlace al directorio completo de miembros.<br \/>\nTambi\u00e9n es posible iniciar una conversaci\u00f3n en directo (audio o v\u00eddeo) y seguir sus mensajes privados.<\/li>\n<li><strong>Puedes editar tu perfil<\/strong> haciendo clic en el men\u00fa de la parte superior derecha de la pantalla (una esfera en la que puede aparecer tu foto).<br \/>\nPuedes elegir si quieres dejar tu informaci\u00f3n de contacto (direcci\u00f3n, tel\u00e9fono, correo electr\u00f3nico) visible en tu perfil.<\/li>\n<\/ul>\n<p><a href=\"https:\/\/youtu.be\/DJBUiwlTLzQ\"><strong>Configuraci\u00f3n de la cuenta: el video tutorial<\/strong><\/a><\/p>\n<p>&nbsp;<\/p>\n<h3>Proteja su cerebro del exceso de pantallas<\/h3>\n<p><strong>Este servicio tiene la preocupaci\u00f3n de no a\u00f1adir a los usuarios una sobrecarga de informaci\u00f3n que realmente no necesitan.<\/strong> (A diferencia de Facebook, cuyo modelo de negocio se basa en captar la atenci\u00f3n y, por lo tanto, anima a los usuarios a conectarse a menudo y pasar el mayor tiempo posible). De hecho, puede elegir lo que le llegar\u00e1 a su buz\u00f3n sobre la actividad de este grupo. Esto se hace a trav\u00e9s de la p\u00e1gina de &#8220;<strong>Notificaciones<\/strong>&#8221; a la que puedes acceder a trav\u00e9s del men\u00fa &#8220;mi cuenta&#8221; (arriba a la derecha de la pantalla):<\/p>\n<ul>\n<li><strong>Correos electr\u00f3nicos educativos:<\/strong> son mensajes enviados por Whaller para familiarizarle con el funcionamiento de la plataforma.<\/li>\n<li><strong>Horarios de env\u00edo:<\/strong> En funci\u00f3n de su disponibilidad, puede elegir recibir notificaciones s\u00f3lo en determinados d\u00edas de la semana y a determinadas horas. De este modo, los correos electr\u00f3nicos no se acumulan cuando est\u00e1s en el trabajo o ocupado con tu familia.<\/li>\n<li><strong>Frecuencia del correo electr\u00f3nico:<\/strong> puedes limitar el n\u00famero de notificaciones diarias y elegir si quieres recibir un resumen de los mensajes no le\u00eddos: diario, semanal o mensual.<\/li>\n<li><strong>Activaci\u00f3n de las alertas:<\/strong> dentro de los l\u00edmites definidos anteriormente, las notificaciones pueden activarse por la publicaci\u00f3n de un nuevo mensaje\/comentario en el grupo, o por la recepci\u00f3n de un mensaje privado dirigido a usted, o ambas cosas.Tenga en cuenta: si desactiva totalmente las notificaciones, no estar\u00e1 informado de la actividad del grupo a menos que se conecte regularmente por iniciativa propia.<\/li>\n<li><strong>Destino del correo electr\u00f3nico:<\/strong> Por \u00faltimo, puedes elegir que estas notificaciones se env\u00eden a una direcci\u00f3n espec\u00edfica, para evitar distracciones al responder a los mensajes de trabajo.<\/li>\n<\/ul>\n<p><a href=\"https:\/\/youtu.be\/bJExQot9yyg\"><strong>Configurar las notificaciones : El video tutorial<\/strong><\/a><\/p>\n","protected":false},"excerpt":{"rendered":"<p>La Asociaci\u00f3n Marcel Jousse ofrece un espacio de intercambio entre personas de habla hispana interesadas en la investigaci\u00f3n de Jousse y en lo que \u00e9sta puede inspirarnos hoy. Elegimos la plataforma Whaller porque tiene sede en Francia y no hace negocio con los datos personales de sus usuarios ni hace publicidad en las p\u00e1ginas. Utilizamos [&hellip;]<\/p>\n","protected":false},"author":2,"featured_media":0,"parent":0,"menu_order":2,"comment_status":"closed","ping_status":"closed","template":"","meta":{"footnotes":""},"class_list":["post-3682","page","type-page","status-publish","hentry"],"_links":{"self":[{"href":"https:\/\/www.marceljousse.com\/es\/wp-json\/wp\/v2\/pages\/3682","targetHints":{"allow":["GET"]}}],"collection":[{"href":"https:\/\/www.marceljousse.com\/es\/wp-json\/wp\/v2\/pages"}],"about":[{"href":"https:\/\/www.marceljousse.com\/es\/wp-json\/wp\/v2\/types\/page"}],"author":[{"embeddable":true,"href":"https:\/\/www.marceljousse.com\/es\/wp-json\/wp\/v2\/users\/2"}],"replies":[{"embeddable":true,"href":"https:\/\/www.marceljousse.com\/es\/wp-json\/wp\/v2\/comments?post=3682"}],"version-history":[{"count":0,"href":"https:\/\/www.marceljousse.com\/es\/wp-json\/wp\/v2\/pages\/3682\/revisions"}],"wp:attachment":[{"href":"https:\/\/www.marceljousse.com\/es\/wp-json\/wp\/v2\/media?parent=3682"}],"curies":[{"name":"wp","href":"https:\/\/api.w.org\/{rel}","templated":true}]}}

Hágase miembro de la Red Marcel Jousse

<h3>La Asociación Marcel Jousse ofrece un espacio de intercambio entre personas de habla hispana interesadas en la investigación de Jousse y en lo que ésta puede inspirarnos hoy.</h3>
<p>Elegimos la plataforma Whaller porque tiene sede en Francia y no hace negocio con los datos personales de sus usuarios ni hace publicidad en las páginas. Utilizamos su servicio gratuito.</p>
<p><strong>Si está interesado en formar parte de este grupo, póngase en <a href="https://www.marceljousse.com/es/pour-contacter-ladministrateur-du-site/">contacto</a> con nosotros.</strong></p>
<h3>Esto es lo que parece:</h3>
<p>En la parte superior derecha, puede ver que el grupo se llama <em><strong>Red Marcel Jousse</strong></em>. En la jerga de Whaller, se trata de una &#8220;<strong>esfera</strong>&#8221; vinculada a una organización (la Asociación Marcel Jousse).</p>
<p><img loading="lazy" decoding="async" class="aligncenter size-full wp-image-1291" src="https://www.marceljousse.com/MAJ-2024/wp-content/uploads/2021/06/Whaller-espagnol.png" alt="" width="1017" height="854" srcset="https://www.marceljousse.com/wp-content/uploads/2021/06/Whaller-espagnol.png 1017w, https://www.marceljousse.com/wp-content/uploads/2021/06/Whaller-espagnol-300x252.png 300w, https://www.marceljousse.com/wp-content/uploads/2021/06/Whaller-espagnol-768x645.png 768w, https://www.marceljousse.com/wp-content/uploads/2021/06/Whaller-espagnol-600x504.png 600w, https://www.marceljousse.com/wp-content/uploads/2021/06/Whaller-espagnol-900x756.png 900w" sizes="auto, (max-width: 1017px) 100vw, 1017px" /></p>
<h3>Como puede ver en esta captura de pantalla :</h3>
<ul>
<li><strong>En la parte superior,</strong> en la zona púrpura, está el espacio para escribir tus mensajes, adjuntar una imagen, un archivo&#8230; y puedes elegir dirigirlo a todos los miembros del grupo o a miembros concretos.</li>
<li><strong>A continuación</strong>, se muestra un ejemplo de mensaje seguido de su archivo adjunto.<br />
Puede reaccionar a un mensaje haciendo clic en &#8220;me gusta&#8221; o &#8220;no me gusta&#8221;.<br />
Puedes referirte a otro miembro y llamar su atención sobre el mensaje añadiendo &#8220;@&#8221; antes de su nombre.<br />
También puedes responder a este mensaje, añadiendo un comentario, que aparecerá justo debajo: esto ocurre en la barra púrpura que hay debajo de la conversación.</li>
<li><strong>A la derecha</strong>, puede ver el nombre del grupo seguido de las fotos de una serie de miembros. Esto le permite hacer clic en el perfil de una persona para saber más sobre ella&#8230; siempre que añada una pequeña presentación, una foto.<br />
Más abajo, hay un enlace al directorio completo de miembros.<br />
También es posible iniciar una conversación en directo (audio o vídeo) y seguir sus mensajes privados.</li>
<li><strong>Puedes editar tu perfil</strong> haciendo clic en el menú de la parte superior derecha de la pantalla (una esfera en la que puede aparecer tu foto).<br />
Puedes elegir si quieres dejar tu información de contacto (dirección, teléfono, correo electrónico) visible en tu perfil.</li>
</ul>
<p><a href="https://youtu.be/DJBUiwlTLzQ"><strong>Configuración de la cuenta: el video tutorial</strong></a></p>
<p>&nbsp;</p>
<h3>Proteja su cerebro del exceso de pantallas</h3>
<p><strong>Este servicio tiene la preocupación de no añadir a los usuarios una sobrecarga de información que realmente no necesitan.</strong> (A diferencia de Facebook, cuyo modelo de negocio se basa en captar la atención y, por lo tanto, anima a los usuarios a conectarse a menudo y pasar el mayor tiempo posible). De hecho, puede elegir lo que le llegará a su buzón sobre la actividad de este grupo. Esto se hace a través de la página de &#8220;<strong>Notificaciones</strong>&#8221; a la que puedes acceder a través del menú &#8220;mi cuenta&#8221; (arriba a la derecha de la pantalla):</p>
<ul>
<li><strong>Correos electrónicos educativos:</strong> son mensajes enviados por Whaller para familiarizarle con el funcionamiento de la plataforma.</li>
<li><strong>Horarios de envío:</strong> En función de su disponibilidad, puede elegir recibir notificaciones sólo en determinados días de la semana y a determinadas horas. De este modo, los correos electrónicos no se acumulan cuando estás en el trabajo o ocupado con tu familia.</li>
<li><strong>Frecuencia del correo electrónico:</strong> puedes limitar el número de notificaciones diarias y elegir si quieres recibir un resumen de los mensajes no leídos: diario, semanal o mensual.</li>
<li><strong>Activación de las alertas:</strong> dentro de los límites definidos anteriormente, las notificaciones pueden activarse por la publicación de un nuevo mensaje/comentario en el grupo, o por la recepción de un mensaje privado dirigido a usted, o ambas cosas.Tenga en cuenta: si desactiva totalmente las notificaciones, no estará informado de la actividad del grupo a menos que se conecte regularmente por iniciativa propia.</li>
<li><strong>Destino del correo electrónico:</strong> Por último, puedes elegir que estas notificaciones se envíen a una dirección específica, para evitar distracciones al responder a los mensajes de trabajo.</li>
</ul>
<p><a href="https://youtu.be/bJExQot9yyg"><strong>Configurar las notificaciones : El video tutorial</strong></a></p>

<p>La Asociación Marcel Jousse ofrece un espacio de intercambio entre personas de habla hispana interesadas en la investigación de Jousse y en lo que ésta puede inspirarnos hoy. Elegimos la plataforma Whaller porque tiene sede en Francia y no hace negocio con los datos personales de sus usuarios ni hace publicidad en las páginas. Utilizamos [&hellip;]</p>
